4 + -1)?
9
Let a be 1 + -8 + 4 - -149. Let d = -101 + a. What is the tens digit of d?
4
Let i be 2/10 - (-186)/(-5). Let j = 58 + i. Let w = 36 - j. What is the tens digit of w?
1
Let z = -48 + 25. Let d = 21 + z. What is the units digit of 3*d/(-9 + 3)?
1
Let w(n) = n**2 - n + 190. Let s be w(0). Suppose 426*h - 427*h = -94. Suppose -2*b - 3*a - a + h = 0, s = 5*b + a. What is the tens digit of b?
3
What is the hundreds digit of (-23 + (1 - -8))*-17?
2
Suppose 0 = -3*k + k - j + 20, -2*j - 59 = -5*k. Let p = k - 7. Let t(g) = -g**3 + 6*g**2 - 6*g + 3. What is the units digit of t(p)?
1
Let z be (92/12)/(-2 + (-14)/(-6)). Suppose -60 = -3*d + 5*d. Let i = z - d. What is the tens digit of i?
5
Let v(x) = -x**3 - 16*x**2 + 18*x + 80. What is the thousands digit of v(-21)?
1
Suppose 0 = -l + 82 - 78. Suppose -w + 214 = -s, l*w - 3*s - 842 = -6*s. What is the tens digit of w?
1
Let b(k) = 2*k**2 + 13*k - 4. Let p(h) = -h**2 - 6*h - 3. Let a be p(-5). Suppose -a*z + v - 21 = 0, 2*z - 2*v = -12 - 12. What is the units digit of b(z)?
1
Suppose 0 = 4*y + y + 4*z - 62, 0 = 3*y + 2*z - 36. Suppose -y = -3*d - 1. Let w(k) = k**3 - 2*k**2 - 3*k + 4. What is the units digit of w(d)?
4
Let w(t) = 13*t + 9. Let n(k) = -7*k - 4. Let b(o) = -5*n(o) - 3*w(o). Let m be b(-6). Let r = 35 - m. What is the tens digit of r?
1
Let y be 1*-3*(-2)/(-3). Let h be -1 + 1 + (1 - y). Suppose -n - n + g = -4, -5*g = h*n - 19. What is the units digit of n?
3
Let q(p) = -p**3 + p**2 - 2*p - 4. Let b = -20 - -17. What is the units digit of q(b)?
8
What is the hundreds digit of (24587/92)/((-3)/(-12))?
0
What is the tens digit of 181*2 + 12*(-4)/(-16)?
6
Suppose -g + 2*n = -469, -2*n - 2*n = 2*g - 938. What is the tens digit of g?
6
Let j(n) = -5*n**2 + 6*n + 8. Let o(l) = -9*l**2 + 11*l + 16. Let z(k) = 7*j(k) - 4*o(k). What is the tens digit of z(6)?
1
Suppose 59 = 2*d - 29. Let w be 48 + -46 - (-1 + 1 + 1). Let g = w + d. What is the units digit of g?
5
Let r = -61 + 122. Suppose -r*i = -63*i + 142. What is the units digit of i?
1
Suppose -2*r - 310 = -7*r + 2*k, 0 = r - k - 65. What is the units digit of r?
0
Let m = 391 + 1. What is the units digit of m?
2
Suppose -22 = -5*l + 4*l. Let k = -2 + l. What is the units digit of k?
0
Let f be 224/(-24)*(-6)/(-4). Let p = 105 + f. What is the units digit of p?
1
Let c(d) = -26*d + 13. Let w be c(-7). What is the units digit of (4/5)/(((-12)/w)/(-2))?
6
Suppose -4*l = -2*z - 330, 0 = 2*l - 3*z + 22 - 181. Suppose 0 = -2*m + 4*m - l. What is the tens digit of m?
4
Let h be -3 - -6 - (-5 - -4). Let i = h - -3. What is the units digit of (-7)/(i/(-33)) + 1?
4
Let f be (-3*(-3)/9)/1. Suppose -4*w = f - 17. Let h(t) = t**3 - 5*t**2 + 5*t - 1. What is the units digit of h(w)?
3
Let c(p) = p**3 - 7*p**2 + 6*p + 6. Let h be 14/7 + (5 - 1). What is the units digit of c(h)?
6
Let t(m) = 2*m**3 + 3*m**2 - 4*m + 1. What is the units digit of t(3)?
0
Let z = 18 - 19. Let j = 2 - z. Suppose 3*w - 5*o = -o + 67, -j*w - o + 47 = 0. What is the tens digit of w?
1
Let c(v) = -2*v**2 + 1. Let g be c(2). Let a be (-12)/g - 4/(-14). Suppose 2*i = -0*i + a. What is the units digit of i?
1
Suppose -n = 3*t - 1104 - 915, 4*n - 3365 = -5*t. What is the tens digit of t?
7
What is the units digit of 3 - (-4 - 3417) - (-49)/7?
1
Let m = -257 - -350. Let j = -120 + 71. Let i = m + j. What is the units digit of i?
4
Let i(v) = 4*v**2 - 2. Suppose 2*w + 10 = -3*w. What is the tens digit of i(w)?
1
Let h = 134 + -121. Let n(y) = -5*y + 1. Let k(q) = 4*q - 1. Let i(t) = -6*k(t) - 5*n(t). What is the tens digit of i(h)?
1
Suppose 0 = c + 2*c + 2*b - 19, -4*c = 2*b - 24. Suppose s - 7 = -c. Suppose 7*h = 2*h - 3*i + 65, -s*h = -4*i - 26. What is the tens digit of h?
1
Let s be 7/7*(2 - 3). What is the tens digit of (2 + -4 - s)*-316?
1
Suppose -2*t - 412 = -6*t. Let w be ((-2)/4)/((-2)/188). Suppose -3*c + w = -t. What is the units digit of c?
0
Suppose 3*x - 7*r + 11*r - 3978 = 0, 0 = 5*r + 15. What is the hundreds digit of x?
3
Let w = 655 - -1436. What is the tens digit of w?
9
Suppose 3*t + p - 30 - 318 = 0, 2*t - 224 = 2*p. What is the hundreds digit of t?
1
Let r(y) = 155*y**2 - 6*y - 3. What is the hundreds digit of r(-2)?
6
Let v = -9 + 18. Let f be -3*((-21)/v + 2). Let r = f + 30. What is the tens digit of r?
3
Suppose f = 5*h - 4*f + 15, f = 5. Suppose 0 = h*i - 254 - 176. What is the tens digit of i?
1
Let f = 275 + -159. Let w = f + -63. Let p = w + -21. What is the units digit of p?
2
Let l = -21 + 27. Let f = l + -1. Let s = f + 69. What is the units digit of s?
4
Let g = 3 + 7. Suppose 2*r = 7*r + g. What is the units digit of ((-45)/12)/(r/16)?
0
Suppose -2*r - 4*q + 2690 = 0, -5044 = -4*r - 5*q + 333. What is the hundreds digit of r?
3
Let k(h) = -h - 4. Let w be k(-8). Suppose 2*a = -o + 3 + 2, -14 = -w*a + 2*o. Suppose a*c + c = 28. What is the units digit of c?
7
What is the tens digit of -21*5474/(-42) - 2?
3
Let i(z) = 7*z + 12. Let l(n) = 11*n + 18. Let s(j) = -8*i(j) + 5*l(j). Let o be s(-5). What is the units digit of (o*1)/((-14)/1008)?
2
Suppose 0*l = -10*l + 14670. What is the units digit of l?
7
Let f = 653 + -187. What is the tens digit of f?
6
Suppose 0 - 16 = -c. Suppose 11*w - c*w = -50. What is the units digit of (-29)/(-2) - w/(-20)?
5
Let t be 6/(-9) - (-154)/6. Let o be (2*(-57)/3)/(2 - 3). Let s = o + t. What is the tens digit of s?
6
Let o(z) = -z**3 - 4*z**2 + 10*z - 3. Let f be o(-7). Let d = f - 70. What is the units digit of d?
4
Suppose 3*y + 4*w + 7 = 8*w, -12 = -3*w. Suppose y*h - h - 6 = 0. Let b(v) = v**3 - 2*v**2 + 3*v + 2. What is the units digit of b(h)?
0
Suppose -4*y + 92512 = 52*y. What is the thousands digit of y?
1
Suppose 0 = 12*h - 4820 - 2152. What is the units digit of h?
1
Suppose 0 = 96*j - 103*j + 9471. What is the thousands digit of j?
1
Suppose 4*i - 51 = 21. Suppose 30 = 4*l + 2*x, -l - 5*x + 19 = 2*l. What is the tens digit of i*((-12)/l + 3)?
2
Let f(q) = -73*q - 64. What is the hundreds digit of f(-5)?
3
Suppose -8*c - 1 + 25 = 0. Suppose -4*m - c*h = -362, 0*m = 4*m - 5*h - 378. What is the tens digit of m?
9
Let z be -2*(194/(-4) + 4). Suppose z = -4*k + 469. What is the tens digit of k?
9
Let z = -23 - -27. Suppose -z*b + 21 = -43. What is the units digit of b?
6
Let y = 17 - 30. Let c(h) = h**3 - h**2 + h + 24. Let k be c(0). Let t = k + y. What is the units digit of t?
1
Let p be 4/14 - (-2)/(-7). Suppose p = -3*k + 9, -2*o - 2*k = -k - 123. What is the tens digit of o?
6
Suppose 5*h + 2*p - 27 = 0, -2*p = -1 - 1. Suppose -3*s = s + o - 1, s = 5*o - h. Suppose 5*n - 4*t + 2 = 0, 2*n + s = 4*t - 8. What is the units digit of n?
2
Let x = 142 - 4. Suppose -2*u = -5*u + x. Suppose 0 = q - 3*q + u. What is the units digit of q?
3
Let b(z) = 0*z**2 - 2*z**2 + 21*z + 8 - 22*z + 3*z**2. Let y(r) = r**3 + 7*r**2 + 5*r - 6. Let v be y(-6). What is the units digit of b(v)?
8
Suppose -164 = 5*w - w. Let v = w - -70. What is the tens digit of v?
2
Let a = 19 - -132. What is the hundreds digit of a?
1
Let h(o) = -6*o - 7. Let z(i) = -i**3 + 7*i**2 - 9*i + 7. Let u be z(6). What is the tens digit of h(u)?
5
Suppose -155 = -o + 134. What is the tens digit of o?
8
Let u be (1 + 20/(-12))*3. Let x be -4 + (u - (-124)/4). Let d = 45 - x. What is the tens digit of d?
2
Let y(v) = -4*v**3 + 2*v - 1. Let n be y(1). Let h(r) = -r**2 - 3*r + 1. Let l be h(n). What is the units digit of 69/2 - l/(-2)?
5
Suppose 4*m = 2*p - 483 - 1321, 0 = 5*p + 5*m - 4570. Suppose -5*o + p = 3*q, -4*o - 950 = -9*o + 5*q. What is the hundreds digit of o?
1
Suppose 4*a = a + 249. Suppose a + 202 = 5*s. What is the units digit of s?
7
Suppose 0 = 5*d - 1122 - 12193. What is the thousands digit of d?
2
Let n(r) = -r**3 - 3*r**2 + 2. Let c be n(-3). Let z = c + 10. Let o = -4 + z. What is the units digit of o?
8
Let w(s) = 130 + s**2 - 2*s - 2*s + 3*s. Let q be w(0). Suppose -q = -4*u - u. What is the units digit of u?
6
Suppose 15990 = 5*q + 5*h, -2*h - 12807 = -4*q - 3*h. What is the thousands digit of q?
3
Let b(p) = 9*p - 2. Let t be b(-1). Let x(o) = -5*o**2 - o + 5. Let s(w) = -9*w**2 - 2*w + 9. Let d(h) = t*x(h) + 6*s(h). What is the units digit of d(6)?
9
Let b(t) = -2*t + 98. What is the units digit of b(8)?
2
Let p(o) = 